 is divided by 29?
27
Calculate the remainder when 13334 is divided by 342.
338
Calculate the remainder when 818 is divided by 271.
5
What is the remainder when 21 is divided by 5?
1
What is the remainder when 173 is divided by 25?
23
Calculate the remainder when 150 is divided by 71.
8
What is the remainder when 353 is divided by 72?
65
Calculate the remainder when 385 is divided by 56.
49
What is the remainder when 1030 is divided by 22?
18
Calculate the remainder when 7248 is divided by 125.
123
Calculate the remainder when 94 is divided by 23.
2
What is the remainder when 164 is divided by 86?
78
What is the remainder when 51 is divided by 8?
3
What is the remainder when 29 is divided by 8?
5
Calculate the remainder when 4748 is divided by 48.
44
Calculate the remainder when 117 is divided by 27.
9
Calculate the remainder when 194 is divided by 64.
2
Calculate the remainder when 541 is divided by 267.
7
What is the remainder when 57 is divided by 15?
12
Calculate the remainder when 196 is divided by 50.
46
Calculate the remainder when 143 is divided by 34.
7
What is the remainder when 1636 is divided by 1620?
16
Calculate the remainder when 268 is divided by 209.
59
What is the remainder when 175 is divided by 56?
7
What is the remainder when 81 is divided by 39?
3
Calculate the remainder when 157 is divided by 41.
34
Calculate the remainder when 62 is divided by 29.
4
Calculate the remainder when 24 is divided by 9.
6
Calculate the remainder when 30 is divided by 21.
9
Calculate the remainder when 156 is divided by 60.
36
Calculate the remainder when 11886 is divided by 29.
25
Calculate the remainder when 271 is divided by 68.
67
Calculate the remainder when 938 is divided by 157.
153
What is the remainder when 425 is divided by 22?
7
Calculate the remainder when 101 is divided by 52.
49
Calculate the remainder when 125122 is divided by 65.
62
Calculate the remainder when 7190 is divided by 62.
60
What is the remainder when 40 is divided by 19?
2
Calculate the remainder when 295 is divided by 50.
45
What is the remainder when 195 is divided by 93?
9
What is the remainder when 1023 is divided by 254?
7
What is the remainder when 266 is divided by 56?
42
What is the remainder when 109 is divided by 56?
53
Calculate the remainder when 13768 is divided by 135.
133
What is the remainder when 751 is divided by 329?
93
Calculate the remainder when 647 is divided by 6.
5
What is the remainder when 72 is divided by 2?
0
What is the remainder when 200 is divided by 42?
32
What is the remainder when 480 is divided by 37?
36
Calculate the remainder when 12208 is divided by 15.
13
Calculate the remainder when 1089 is divided by 28.
25
What is the remainder when 9961 is divided by 81?
79
Calculate the remainder when 261 is divided by 15.
6
Calculate the remainder when 53 is divided by 28.
25
What is the remainder when 148 is divided by 52?
44
What is the remainder when 928 is divided by 30?
28
Calculate the remainder when 1024 is divided by 10.
4
Calculate the remainder when 56 is divided by 24.
8
What is the remainder when 190 is divided by 170?
20
What is the remainder when 268 is divided by 4?
0
What is the remainder when 269 is divided by 10?
9
Calculate the remainder when 402 is divided by 68.
62
Calculate the remainder when 1352 is divided by 66.
32
What is the remainder when 206 is divided by 91?
24
What is the remainder when 108 is divided by 72?
36
What is the remainder when 223 is divided by 49?
27
Calculate the remainder when 2681 is divided by 69.
59
What is the remainder when 81 is divided by 4?
1
Calculate the remainder when 38 is divided by 6.
2
What is the remainder when 1177 is divided by 42?
1
Calculate the remainder when 813 is divided by 48.
45
What is the remainder when 292 is divided by 284?
8
Calculate the remainder when 1567 is divided by 32.
31
What is the remainder when 156 is divided by 56?
44
What is the remainder when 78 is divided by 41?
37
Calculate the remainder when 1009 is divided by 38.
21
Calculate the remainder when 426 is divided by 26.
10
Calculate the remainder when 4705 is divided by 1566.
7
Calculate the remainder when 567 is divided by 71.
70
What is the remainder when 25 is divided by 15?
10
What is the remainder when 220 is divided by 22?
0
Calculate the remainder when 161 is divided by 98.
63
Calculate the remainder when 64 is divided by 31.
2
What is the remainder when 1312 is divided by 215?
22
Calculate the remainder when 673 is divided by 165.
13
What is the remainder when 248 is divided by 29?
16
What is the remainder when 235 is divided by 7?
4
What is the remainder when 400 is divided by 69?
55
What is the remainder when 579 is divided by 171?
66
What is the remainder when 134 is divided by 17?
15
Calculate the remainder when 486 is divided by 40.
6
Calculate the remainder when 58 is divided by 33.
25
Calculate the remainder when 151 is divided by 43.
22
What is the remainder when 4437 is divided by 20?
17
Calculate the remainder when 298 is divided by 50.
48
What is the remainder when 4189 is divided by 131?
128
What is the remainder when 1559 is divided by 58?
51
What is the remainder when 243 is divided by 40?
3
What is the remainder when 158 is divided by 35?
18
What is the remainder when 436 is divided by 12?
4
Calculate the remainder when 137 is divided by 50.
37
Calculate the remainder when 1694 is divided by 281.
8
What is the remainder when 510 is divided by 64?
62
What is the remainder when 5459 is divided by 12?
11
What is the remainder when 98 is divided by 30?
8
What is the remainder when 4661 is divided by 64?
53
What is the remainder when 1660 is divided by 279?
265
What is the remainder when 523 is divided by 523?
0
Calculate the remainder when 704 is divided by 115.
14
What is the remainder when 101 is divided by 13?
10
What is the remainder when 496 is divided by 102?
88
Calculate the remainder when 3186 is divided by 145.
141
Calculate the remainder when 650 is divided by 34.
4
What is the remainder when 524 is divided by 517?
7
What is the remainder when 61 is divided by 29?
3
Calculate the remainder when 333 is divided by 167.
166
What is the remainder when 605 is divided by 29?
25
Calculate the remainder when 1600 is divided by 202.
186
What is the remainder when 85 is divided by 13?
7
Calculate the remainder when 1696 is divided by 6.
4
Calculate the remainder when 125 is divided by 99.
26
What is the remainder when 87 is divided by 36?
15
What is the remainder when 1390 is divided by 51?
13
Calculate the remainder when 583 is divided by 15.
13
What is the remainder when 900 is divided by 43?
40
What is the remainder when 1269 is divided by 418?
15
What is the remainder when 246 is divided by 63?
57
What is the remainder when 128 is divided by 121?
7
What is the remainder when 271 is divided by 46?
41
What is the remainder when 46 is divided by 19?
8
What is the remainder when 887 is divided by 45?
32
Calculate the remainder when 452 is divided by 2.
0
What is the remainder when 352 is divided by 17?
12
What is the remainder when 559 is divided by 187?
185
Calculate the remainder when 1133 is divided by 83.
54
What is the remainder when 59 is divided by 4?
3
Calculate the remainder when 211 is divided by 71.
69
What is the remainder when 1556 is divided by 777?
2
Calculate the remainder when 405 is divided by 29.
28
Calculate the remainder when 9144 is divided by 4561.
22
What is the remainder when 60 is divided by 13?
8
What is the remainder when 1339 is divided by 67?
66
Calculate the remainder when 1545 is divided by 36.
33
Calculate the remainder when 131 is divided by 27.
23
What is the remainder when 550 is divided by 12?
10
What is the remainder when 1785 is divided by 123?
63
What is the remainder when 427 is divided by 45?
22
Calculate the remainder when 1399 is divided by 8.
7
Calculate the remainder when 57 is divided by 48.
9
What is the remainder when 229 is divided by 134?
95
Calculate the remainder when 116 is divided by 21.
11
What is the remainder when 125 is divided by 32?
29
Calculate the remainder when 725 is divided by 124.
105
What is the remainder when 340 is divided by 49?
46
Calculate the remainder when 56 is divided by 15.
11
Calculate the remaind